(d) = 1 - 4*d**2 - d + d + 5*d**2. Let w(h) = -h**3 + 29*h**2 - 27*h - 24. Let v be w(28). Let x be 4/(-7)*(-14)/v. Give a(x).
5
Let w(d) = -1 + 2 + d - 2. Suppose -50*v + 95 = -31*v. Determine w(v).
4
Let q(z) = 59*z + 256. Let k(v) = -53*v - 266. Let t(x) = 5*k(x) + 4*q(x). Give t(-11).
13
Let b(y) be the third derivative of y**4/6 - 7*y**3/6 + 3*y**2 + 182*y + 11. Suppose 3*s = -5*a + 5*s + 10, 0 = -a - 4*s + 24. What is b(a)?
9
Let o(c) = 5*c - 23. Let r(s) = -s**2 + 68*s - 568. Let g be r(58). What is o(g)?
37
Let u(w) be the second derivative of 4*w**2 + 5/6*w**3 + 1/12*w**4 - 85*w + 0. Determine u(-6).
14
Suppose 1805*r = 1755*r - 100. Let f be 4/(-6)*45/(-10). Let j(n) = f*n**2 - 4*n + 0*n + 6*n + 0*n. Give j(r).
8
Let s(d) = -29*d**3 + 7*d**2 + 18*d + 8. Let x(z) = -10*z**3 - z**2. Let a(q) = s(q) - 3*x(q). Determine a(-8).
-8
Suppose 272 = 63*n - 29*n. Let k(i) = i - 3. What is k(n)?
5
Suppose -423*z + 90*z - 3663 = 0. Let i(y) = y**3 + 12*y**2 + 12*y - 4. Determine i(z).
-15
Let z(c) = -c**2 + 13*c + 27. Suppose 12*i - 588 = -37*i. Determine z(i).
39
Let a(q) = 11*q**2 + 36*q - 38. Let w(z) = -z**2 - 2*z + 5. Let b(j) = a(j) + 9*w(j). Determine b(-8).
-9
Suppose -53*q = 114 - 379. Let f(s) = 6*s - 1. Determine f(q).
29
Let h(r) = -8*r**3 - 75*r**2 + 3*r + 89. Let z(v) = -5*v**3 - 38*v**2 + 2*v + 44. Let f(l) = -3*h(l) + 5*z(l). Calculate f(35).
-12
Let l be (1 - (-14)/8)*(-7 + 3). Let a(b) = -b**2 - 15*b - 48. Let x be a(l). Let s(z) = 0*z - 1 + 2*z + z**2 + 0*z**2. Determine s(x).
7
Suppose 0 = -99*p - 482*p + 1743. Let h(r) be the second derivative of -1/6*r**p - r**2 - 47*r + 0. What is h(-5)?
3
Suppose -631*x = -755*x. Let a(s) = -s**2 - s - 55. Determine a(x).
-55
Let k be (-7)/(-2)*(1 + (4 - 3)). Let o(v) be the second derivative of v**4/12 - 7*v**3/6 + v**2 + 2*v - 80. Determine o(k).
2
Suppose -21*g - 5*n + 341 = 0, 5*g = 5*n + 74 + 1. Let t(h) = -5*h + 72. Determine t(g).
-8
Let z(b) = -2*b**3 + 54*b + 0*b**3 - 4*b**3 + 0*b**3 + 7*b**3 - 111 - 53*b**2. Give z(52).
-7
Let m = -6 + 1. Let l(z) = -2 - 361*z - 124*z**3 + 125*z**3 + 354*z + 4*z**2 + 0. Give l(m).
8
Let f(q) = 8*q + 62. Let h be -3*(50/20 + (-3)/2) + -5. What is f(h)?
-2
Let q(v) = -v**3 + 11*v**2 - 11*v - 13. Let s be q(10). Let a = 29 + s. Let r(n) = 0*n - 5*n - 4 + 4*n + a. Determine r(2).
0
Let i(p) be the first derivative of -3*p**4/4 - p**3/3 + p**2/2 - 6*p + 212. Calculate i(0).
-6
Let d(t) = -126*t + 84. Let p(f) = 337*f - 227. Let j(x) = -19*d(x) - 7*p(x). Determine j(1).
28
Let z = -384 + 387. Let b(f) = -z + 0*f + 5*f - 6*f + 2*f + 3*f. Determine b(5).
17
Suppose -36*g + 9*g = -1269. Let l(y) = -8*y + 5. Let r be l(6). Let k = g + r. Let x(d) = d - 4. What is x(k)?
0
Let j(b) be the second derivative of b**5/20 - b**4/6 + b**2/2 + 2*b - 815. Let y be ((-6)/(-4))/(1/2). Suppose 0 = 6*g - y*g + 3. Determine j(g).
-2
Let c be 3 - -4*(-1)/2. Let q(w) = -1 + w + c + 2. Suppose 3*k - 2*k + 5*k + 36 = 0. Calculate q(k).
-4
Suppose -g - 2*g + 12 = 0. Suppose -5 = -g*f - 53. Let v be ((-2)/(-3) - (-20)/f) + 0. Let r(c) = -3*c**3 + 2*c + 1. Determine r(v).
2
Let u be -3*9/(45/5). Let o(x) be the second derivative of -x**5/30 + x**4/12 - x**3/3 - 2*x. Let k(v) be the second derivative of o(v). Determine k(u).
14
Let j(y) be the second derivative of 16*y**3/3 - 74*y**2 - 536*y. Calculate j(4).
-20
Let c = 23 + -29. Let n(o) = -o**2 - 6*o + 1. Suppose 3*f - 8 = -3*m - 23, 2*m + 12 = -4*f. Let u(i) = -i. Let v(t) = f*u(t) - n(t). Determine v(c).
-7
Let c(z) be the third derivative of z**6/60 + 7*z**5/60 + 7*z**4/24 + 7*z**3/6 + 423*z**2 + 2*z. Calculate c(-3).
-5
Let w(c) = 21 - 41 - c + 21. Let x(t) = 6*t - 18. Let u(s) = -5*w(s) - x(s). Determine u(0).
13
Let n(u) be the second derivative of u**6/720 - u**5/120 - u**4/12 - 5*u**3/2 + 55*u. Let h(r) be the third derivative of n(r). Give h(0).
-1
Let m(j) = j**3 - 13*j**2 + j + 3. Suppose -570*r + 556*r = -182. Determine m(r).
16
Suppose 40*w - 20 = 35*w. Suppose 0 = -h - q - w, -4 = 2*h + 3*q + 4. Let j(g) = 1. Let s(z) = -z**3 + 5*z**2 + 5*z + 4. Let p(y) = h*j(y) - s(y). Give p(6).
-2
Let y = -338 + 389. Suppose 52 - y = w. Let r(x) = -6*x. What is r(w)?
-6
Let f(l) be the third derivative of -17*l**4/24 - 49*l**3/6 + 2912*l**2. Determine f(-3).
2
Let b(g) = -2*g**3 + 14*g**2 + 2*g - 8. Let c(l) = -5*l**3 + 40*l**2 + 7*l - 24. Suppose -34 + 88 = 18*h. Let u(t) = h*c(t) - 8*b(t). What is u(-7)?
6
Suppose 5*r - 4 = 11. Suppose -4 = -5*c + r*c. Let s(l) = -5*l + 1 + 8*l**2 + 0 + c*l. Calculate s(2).
27
Suppose -304*o - 2529 = -23*o. Let g(i) = i**3 + 11*i**2 + 23*i + 42. Give g(o).
-3
Suppose -28*o = -23*o - 10. Let n(m) = -3*m + 80 + o*m - 3*m - 79. Let w be 3*((-1)/(-3) + 1). Calculate n(w).
-15
Let w(g) = 7*g**2 + g. Let c(s) = s**3 - 5*s**2 - 2*s + 4. Let d be c(4). Let o = d - -19. Calculate w(o).
6
Let u be (-4)/8*(11 + 1). Let v(g) = 54*g**2 - 5*g - 17. Let p(s) = -338*s**2 + 29*s + 104. Let t(o) = 4*p(o) + 25*v(o). Determine t(u).
-27
Let w(c) = -4*c**3 + 2*c**2 - 1. Let g(q) = q**3 - 7*q**2 - 15*q + 127. Let i be g(6). Calculate w(i).
-3
Let a be 9 + 39/13 - 19. Let b(i) = 11*i + 71. What is b(a)?
-6
Let k(w) = -20 + 22*w - 73*w**2 - 71*w**2 - 16*w**2 + 163*w**2. Give k(-8).
-4
Suppose -13 = -3*s + 8. Let j(t) = 1 + 3439*t - 3437*t - 8. What is j(s)?
7
Let d(l) = -3*l - 2. Let j(v) = -25*v**2 - 4*v - 3. Let f be j(2). Let r = f + 109. Calculate d(r).
4
Let k(d) = 2*d**2 + 65*d + 315. Let i be k(-6). Suppose x + x + 11 = -5*r, -15 = 5*r. Let f(o) = 3*o + o**2 + 4 - 3*o**x + 3*o**2. Give f(i).
4
Suppose 103 - 19 = 6*b. Suppose 0 = -4*l - 4*q, -2*l - 9*q = -b*q + 21. Let n(k) be the third derivative of k**4/6 - k**3/6 + 2*k**2. What is n(l)?
-13
Let s(z) = -z**3 + 15*z**2 - 2*z + 5. Let g be 30/(-105) - 428/(-28). What is s(g)?
-25
Let r be 28/42 - 1*15/9. Let s(f) = f**2 + f + 1. Let i(l) = l**3 - 9*l**2 - 2*l - 9. Let q(u) = r*i(u) - 5*s(u). What is q(4)?
-8
Let p(b) = -b**3 - 3*b**2 + 16*b - 2. Let h be 367/(-367) - ((-4)/(-2) + 6/2). Calculate p(h).
10
Suppose -26 = 5*u + 49. Let p(i) = -i**3 - 17*i**2 - 33*i - 15. Let s be p(u). Let r = s - 36. Let x(j) = -j**2 - 11*j - 6. Give x(r).
24
Let u(s) = -s**3 + 4*s**2. Let a be u(4). Let j(r) = -46 - 47*r + 37 - r**2 + 87*r - 41*r. Determine j(a).
-9
Let m(w) = -2*w + 51. Let i be m(-33). Let y = i - 118. Let t(g) = 14*g**2 + g + 1. What is t(y)?
14
Let j(g) = -3*g - 1. Suppose -p - 5*c - 40 = 0, 6*p + 112 = p - 3*c. Let d be ((-2)/(-4))/(p/(-40)). What is j(d)?
-4
Let j(m) = -7*m**3 + 21*m**2 + 2*m + 3. Let q(o) = 20*o**3 - 62*o**2 - 6*o - 6. Let t(g) = -17*j(g) - 6*q(g). Determine t(15).
15
Suppose 3 = 2*a + 1, -3*v + 2*a - 11 = 0. Let q(o) = -6206 + 2*o**2 + 4*o + 12423 - 6215 - o. Calculate q(v).
11
Suppose -z + 0*g + 1 = 3*g, 3*z = -5*g - 13. Let y(k) = 5*k**2 - 12*k + 23. Let l(d) = -2*d**2 + 4*d - 8. Let t(n) = z*l(n) - 4*y(n). Give t(-4).
12
Let a(p) = -4*p**2 + 5*p**2 + 12*p - 7*p + 3. Let u(z) = 3*z**3 - 25*z**2 + 29*z - 11. Let r be u(7). What is a(r)?
-1
Suppose 25*f + 83 = -17. Let c(s) = s**2 - s - 1. Let x(d) = -4*d**2 + d + 3. Let n(l) = -3*c(l) - x(l). Give n(f).
8
Suppose -l + 4*k = l - 2, 0 = -l - 3*k - 19. Let p(q) be the first derivative of -q**2 - 13*q + 24210. What is p(l)?
1
Suppose 0 = 8*r - 7 + 7. Suppose r = -5*q + 13*q - 40. Let w(t) = -t**3 + t**3 + 4*t**2 - 2*t**3 + 2 - q*t + t**3. Calculate w(3).
-4
Let v(j) = -3*j + 1. Let a be v(-1). Suppose -a = -b - 0. Let m(p) be the first derivative of -2*p**3/3 + 3*p**2 - 5980. Give m(b).
-8
Let t(b) = -98*b**2 + 7*b - 7. Let d(q) = 235*q**2 - 17*q + 18. Let w(v) = -5*d(v) - 12*t(v). Give w(-8).
50
Let w(u) = 4*u + 7. Suppose 0 = -s - 44*l + 49*l - 2, -l = 5*s + 10. Determine w(s).
-1
Let l(k) be the second derivative of 7*k**3/6 - 85*k**2/2 + 211*k. What is l(12)?
-1
Let o be (-2 - 423/(-3)) + (-5 - -3). Let v = o + -140. Let s(q) = q**3 + 4*q**2 + q - 2. What is s(v)?
4
Let w(k) = k**3 - 7*k**2 - 61*k + 436. Let t be w(7). Let i(d) = d**2 + 3 + 0*d + 6 - 11*d + 6. Determine i(t).
-3
Let t be (-5)/(-2)*(-464)/(-290) - 1. Let k(i) be the first derivative of 16 + 1/2*i**2 + t*i - 1/3*i**3. Give k(-3).
-9
Let z(r) = -r**2 - 8*r + 1. Let i(p) = 4*p**2 + 10*p. Let j be i(-3). Suppose j*h =